[INFO] cloning repository https://github.com/philopon/ptfs
[INFO] running `Command { std: "git" "-c" "credential.helper=" "-c" "credential.helper=/workspace/cargo-home/bin/git-credential-null" "clone" "--bare" "https://github.com/philopon/ptfs" "/workspace/cache/git-repos/https%3A%2F%2Fgithub.com%2Fphilopon%2Fptfs", kill_on_drop: false }`
[INFO] [stderr] Cloning into bare repository '/workspace/cache/git-repos/https%3A%2F%2Fgithub.com%2Fphilopon%2Fptfs'...
[INFO] running `Command { std: "git" "rev-parse" "HEAD", kill_on_drop: false }`
[INFO] [stdout] beab1aa9bc590cfe8cc795ab192cddf5276628e6
[INFO] checking philopon/ptfs against try#72f88fc4e9458f89516a0b8b0868f3718aec5b47 for pr-74989
[INFO] running `Command { std: "git" "clone" "/workspace/cache/git-repos/https%3A%2F%2Fgithub.com%2Fphilopon%2Fptfs" "/workspace/builds/worker-1/source", kill_on_drop: false }`
[INFO] [stderr] Cloning into '/workspace/builds/worker-1/source'...
[INFO] [stderr] done.
[INFO] validating manifest of git repo https://github.com/philopon/ptfs on toolchain 72f88fc4e9458f89516a0b8b0868f3718aec5b47
[INFO] running `Command { std: "/workspace/cargo-home/bin/cargo" "+72f88fc4e9458f89516a0b8b0868f3718aec5b47" "read-manifest" "--manifest-path" "Cargo.toml", kill_on_drop: false }`
[INFO] started tweaking git repo https://github.com/philopon/ptfs
[INFO] finished tweaking git repo https://github.com/philopon/ptfs
[INFO] tweaked toml for git repo https://github.com/philopon/ptfs written to /workspace/builds/worker-1/source/Cargo.toml
[INFO] crate git repo https://github.com/philopon/ptfs already has a lockfile, it will not be regenerated
[INFO] running `Command { std: "/workspace/cargo-home/bin/cargo" "+72f88fc4e9458f89516a0b8b0868f3718aec5b47" "fetch" "--locked" "--manifest-path" "Cargo.toml", kill_on_drop: false }`
[INFO] [stderr]  Downloading crates ...
[INFO] [stderr]   Downloaded rpassword v3.0.2
[INFO] [stderr]   Downloaded stream-cipher v0.3.0
[INFO] [stderr]   Downloaded webbrowser v0.5.1
[INFO] [stderr]   Downloaded read_input v0.8.1
[INFO] running `Command { std: "docker" "create" "-v" "/var/lib/crater-agent-workspace/builds/worker-1/target:/opt/rustwide/target:rw,Z" "-v" "/var/lib/crater-agent-workspace/builds/worker-1/source:/opt/rustwide/workdir:ro,Z" "-v" "/var/lib/crater-agent-workspace/cargo-home:/opt/rustwide/cargo-home:ro,Z" "-v" "/var/lib/crater-agent-workspace/rustup-home:/opt/rustwide/rustup-home:ro,Z" "-e" "SOURCE_DIR=/opt/rustwide/workdir" "-e" "CARGO_TARGET_DIR=/opt/rustwide/target" "-e" "CARGO_HOME=/opt/rustwide/cargo-home" "-e" "RUSTUP_HOME=/opt/rustwide/rustup-home" "-w" "/opt/rustwide/workdir" "-m" "1610612736" "--user" "0:0" "--network" "none" "rustops/crates-build-env@sha256:d92eaeed33fa75130ca1ee6c8a01d1ffb62bac859dfdfb3450e3e5d1c0146529" "/opt/rustwide/cargo-home/bin/cargo" "+72f88fc4e9458f89516a0b8b0868f3718aec5b47" "metadata" "--no-deps" "--format-version=1", kill_on_drop: false }`
[INFO] [stderr] WARNING: Your kernel does not support swap limit capabilities or the cgroup is not mounted. Memory limited without swap.
[INFO] [stdout] c1541f4cfebd67c365d4da3644361deb693d5989c390804afd2c8ad07aedc33a
[INFO] running `Command { std: "docker" "start" "-a" "c1541f4cfebd67c365d4da3644361deb693d5989c390804afd2c8ad07aedc33a", kill_on_drop: false }`
[INFO] running `Command { std: "docker" "inspect" "c1541f4cfebd67c365d4da3644361deb693d5989c390804afd2c8ad07aedc33a", kill_on_drop: false }`
[INFO] running `Command { std: "docker" "rm" "-f" "c1541f4cfebd67c365d4da3644361deb693d5989c390804afd2c8ad07aedc33a", kill_on_drop: false }`
[INFO] [stdout] c1541f4cfebd67c365d4da3644361deb693d5989c390804afd2c8ad07aedc33a
[INFO] running `Command { std: "docker" "create" "-v" "/var/lib/crater-agent-workspace/builds/worker-1/target:/opt/rustwide/target:rw,Z" "-v" "/var/lib/crater-agent-workspace/builds/worker-1/source:/opt/rustwide/workdir:ro,Z" "-v" "/var/lib/crater-agent-workspace/cargo-home:/opt/rustwide/cargo-home:ro,Z" "-v" "/var/lib/crater-agent-workspace/rustup-home:/opt/rustwide/rustup-home:ro,Z" "-e" "SOURCE_DIR=/opt/rustwide/workdir" "-e" "CARGO_TARGET_DIR=/opt/rustwide/target" "-e" "CARGO_INCREMENTAL=0" "-e" "RUST_BACKTRACE=full" "-e" "RUSTFLAGS=--cap-lints=forbid" "-e" "CARGO_HOME=/opt/rustwide/cargo-home" "-e" "RUSTUP_HOME=/opt/rustwide/rustup-home" "-w" "/opt/rustwide/workdir" "-m" "1610612736" "--user" "0:0" "--network" "none" "rustops/crates-build-env@sha256:d92eaeed33fa75130ca1ee6c8a01d1ffb62bac859dfdfb3450e3e5d1c0146529" "/opt/rustwide/cargo-home/bin/cargo" "+72f88fc4e9458f89516a0b8b0868f3718aec5b47" "check" "--frozen" "--all" "--all-targets" "--message-format=json", kill_on_drop: false }`
[INFO] [stderr] WARNING: Your kernel does not support swap limit capabilities or the cgroup is not mounted. Memory limited without swap.
[INFO] [stdout] 69952add73684fe90a8946150adb5ff3d914aeb16b3816a94c242391adec1f4a
[INFO] running `Command { std: "docker" "start" "-a" "69952add73684fe90a8946150adb5ff3d914aeb16b3816a94c242391adec1f4a", kill_on_drop: false }`
[INFO] [stderr]     Blocking waiting for file lock on package cache
[INFO] [stderr]    Compiling version_check v0.1.5
[INFO] [stderr]    Compiling byteorder v1.3.2
[INFO] [stderr]    Compiling rand_core v0.4.0
[INFO] [stderr]    Compiling syn v0.15.36
[INFO] [stderr]    Compiling typenum v1.10.0
[INFO] [stderr]     Checking fnv v1.0.6
[INFO] [stderr]    Compiling memchr v2.2.0
[INFO] [stderr]     Checking slab v0.4.2
[INFO] [stderr]     Checking untrusted v0.6.2
[INFO] [stderr]     Checking spin v0.5.0
[INFO] [stderr]     Checking matches v0.1.8
[INFO] [stderr]    Compiling siphasher v0.2.3
[INFO] [stderr]     Checking utf8-ranges v1.0.3
[INFO] [stderr]    Compiling build_const v0.2.1
[INFO] [stderr]     Checking percent-encoding v1.0.1
[INFO] [stderr]     Checking rustc-demangle v0.1.15
[INFO] [stderr]    Compiling failure_derive v0.1.5
[INFO] [stderr]     Checking try-lock v0.2.2
[INFO] [stderr]     Checking adler32 v1.0.3
[INFO] [stderr]     Checking byte-tools v0.3.1
[INFO] [stderr]     Checking ansi_term v0.11.0
[INFO] [stderr]     Checking strsim v0.8.0
[INFO] [stderr]     Checking dtoa v0.4.4
[INFO] [stderr]     Checking vec_map v0.8.1
[INFO] [stderr]     Checking fake-simd v0.1.2
[INFO] [stderr]     Checking webbrowser v0.5.1
[INFO] [stderr]     Checking read_input v0.8.1
[INFO] [stderr]    Compiling backtrace v0.3.30
[INFO] [stderr]    Compiling ring v0.14.6
[INFO] [stderr]    Compiling backtrace-sys v0.1.28
[INFO] [stderr]    Compiling miniz_oxide_c_api v0.2.1
[INFO] [stderr]     Checking try_from v0.3.2
[INFO] [stderr]     Checking regex-syntax v0.6.7
[INFO] [stderr]     Checking unicode-bidi v0.3.4
[INFO] [stderr]     Checking tokio-sync v0.1.6
[INFO] [stderr]     Checking miniz_oxide v0.2.1
[INFO] [stderr]    Compiling rand_core v0.3.1
[INFO] [stderr]    Compiling rand_jitter v0.1.4
[INFO] [stderr]     Checking block-padding v0.1.4
[INFO] [stderr]    Compiling crc v1.8.1
[INFO] [stderr]    Compiling libc v0.2.58
[INFO] [stderr]     Checking want v0.0.6
[INFO] [stderr]     Checking crc32fast v1.2.0
[INFO] [stderr]     Checking encoding_rs v0.8.17
[INFO] [stderr]    Compiling unicase v1.4.2
[INFO] [stderr]    Compiling unicase v2.4.0
[INFO] [stderr]    Compiling error-chain v0.12.1
[INFO] [stderr]    Compiling rand_hc v0.1.0
[INFO] [stderr]    Compiling rand_xorshift v0.1.1
[INFO] [stderr]    Compiling rand_isaac v0.1.1
[INFO] [stderr]     Checking num_cpus v1.10.1
[INFO] [stderr]     Checking dirs-sys v0.3.3
[INFO] [stderr]     Checking rpassword v3.0.2
[INFO] [stderr]    Compiling rand_pcg v0.1.2
[INFO] [stderr]    Compiling rand_chacha v0.1.1
[INFO] [stderr]     Checking tokio-timer v0.2.11
[INFO] [stderr]     Checking idna v0.1.5
[INFO] [stderr]     Checking mio v0.6.19
[INFO] [stderr]     Checking clap v2.33.0
[INFO] [stderr]     Checking futures-cpupool v0.1.8
[INFO] [stderr]    Compiling rand_os v0.1.3
[INFO] [stderr]     Checking dirs v2.0.1
[INFO] [stderr]     Checking uuid v0.7.4
[INFO] [stderr]     Checking tokio-threadpool v0.1.14
[INFO] [stderr]     Checking parking_lot_core v0.4.0
[INFO] [stderr]    Compiling rand v0.6.5
[INFO] [stderr]     Checking bytes v0.4.12
[INFO] [stderr]     Checking base64 v0.10.1
[INFO] [stderr]    Compiling phf_shared v0.7.24
[INFO] [stderr]     Checking aho-corasick v0.7.3
[INFO] [stderr]     Checking url v1.7.2
[INFO] [stderr]     Checking mime v0.3.13
[INFO] [stderr]     Checking parking_lot v0.7.1
[INFO] [stderr]     Checking phf v0.7.24
[INFO] [stderr]     Checking generic-array v0.12.3
[INFO] [stderr]     Checking tokio-io v0.1.12
[INFO] [stderr]     Checking http v0.1.17
[INFO] [stderr]     Checking string v0.2.0
[INFO] [stderr]     Checking tokio-buf v0.1.1
[INFO] [stderr]     Checking flate2 v1.0.9
[INFO] [stderr]     Checking block-cipher-trait v0.6.2
[INFO] [stderr]     Checking stream-cipher v0.3.0
[INFO] [stderr]     Checking block-buffer v0.7.3
[INFO] [stderr]     Checking digest v0.8.0
[INFO] [stderr]     Checking aes-soft v0.3.3
[INFO] [stderr]     Checking ctr v0.3.2
[INFO] [stderr]     Checking sha2 v0.8.0
[INFO] [stderr]     Checking cookie v0.12.0
[INFO] [stderr]     Checking tokio-reactor v0.1.9
[INFO] [stderr]     Checking aes-ctr v0.3.0
[INFO] [stderr]    Compiling phf_generator v0.7.24
[INFO] [stderr]    Compiling phf_codegen v0.7.24
[INFO] [stderr]     Checking regex v1.1.7
[INFO] [stderr]    Compiling mime_guess v2.0.0-alpha.6
[INFO] [stderr]     Checking tokio-tcp v0.1.3
[INFO] [stderr]     Checking tokio v0.1.21
[INFO] [stderr]     Checking sct v0.5.0
[INFO] [stderr]     Checking webpki v0.19.1
[INFO] [stderr]     Checking publicsuffix v1.5.2
[INFO] [stderr]     Checking console v0.7.7
[INFO] [stderr]     Checking env_logger v0.6.1
[INFO] [stderr]     Checking ct-logs v0.5.1
[INFO] [stderr]     Checking h2 v0.1.24
[INFO] [stderr]     Checking http-body v0.1.0
[INFO] [stderr]     Checking rustls v0.15.2
[INFO] [stderr]     Checking webpki-roots v0.16.0
[INFO] [stderr]    Compiling synstructure v0.10.2
[INFO] [stderr]     Checking indicatif v0.11.0
[INFO] [stderr]    Compiling serde_derive v1.0.92
[INFO] [stderr]    Compiling structopt-derive v0.2.16
[INFO] [stderr]     Checking hyper v0.12.30
[INFO] [stderr]     Checking tokio-rustls v0.9.3
[INFO] [stderr]     Checking failure v0.1.5
[INFO] [stderr]     Checking structopt v0.2.16
[INFO] [stderr]     Checking hyper-rustls v0.16.1
[INFO] [stderr]     Checking serde v1.0.92
[INFO] [stderr]     Checking serde_json v1.0.39
[INFO] [stderr]     Checking serde_urlencoded v0.5.5
[INFO] [stderr]     Checking cookie_store v0.7.0
[INFO] [stderr]     Checking reqwest v0.9.18
[INFO] [stderr]     Checking ptfs v0.2.1 (/opt/rustwide/workdir)
[INFO] [stdout] error[E0583]: file not found for module `app`
[INFO] [stdout]  --> src/main.rs:9:1
[INFO] [stdout]   |
[INFO] [stdout] 9 | mod app;
[INFO] [stdout]   | ^^^^^^^^
[INFO] [stdout]   |
[INFO] [stdout]   = help: to create the module `app`, create file "src/app.rs"
[INFO] [stdout] 
[INFO] [stdout] 
[INFO] [stdout] error[E0583]: file not found for module `app`
[INFO] [stdout]  --> src/main.rs:9:1
[INFO] [stdout]   |
[INFO] [stdout] 9 | mod app;
[INFO] [stdout]   | ^^^^^^^^
[INFO] [stdout]   |
[INFO] [stdout]   = help: to create the module `app`, create file "src/app.rs"
[INFO] [stdout] 
[INFO] [stdout] 
[INFO] [stdout] error[E0425]: cannot find value `KEY` in module `app`
[INFO] [stdout]   --> src/api.rs:38:14
[INFO] [stdout]    |
[INFO] [stdout] 38 |         app::KEY
[INFO] [stdout]    |              ^^^ not found in `app`
[INFO] [stdout] 
[INFO] [stdout] 
[INFO] [stdout] error[E0425]: cannot find value `KEY` in module `app`
[INFO] [stdout]   --> src/api.rs:50:26
[INFO] [stdout]    |
[INFO] [stdout] 50 |         .basic_auth(app::KEY, Some(app::SECRET))
[INFO] [stdout]    |                          ^^^ not found in `app`
[INFO] [stdout] 
[INFO] [stdout] 
[INFO] [stdout] error[E0425]: cannot find value `SECRET` in module `app`
[INFO] [stdout]   --> src/api.rs:50:41
[INFO] [stdout]    |
[INFO] [stdout] 50 |         .basic_auth(app::KEY, Some(app::SECRET))
[INFO] [stdout]    |                                         ^^^^^^ not found in `app`
[INFO] [stdout] 
[INFO] [stdout] 
[INFO] [stdout] error[E0425]: cannot find value `NONCE` in module `crate::app`
[INFO] [stdout]   --> src/config.rs:65:33
[INFO] [stdout]    |
[INFO] [stdout] 65 |                     crate::app::NONCE.to_owned().to_vec(),
[INFO] [stdout]    |                                 ^^^^^ not found in `crate::app`
[INFO] [stdout] 
[INFO] [stdout] 
[INFO] [stdout] error[E0425]: cannot find value `KEY` in module `app`
[INFO] [stdout]   --> src/api.rs:38:14
[INFO] [stdout]    |
[INFO] [stdout] 38 |         app::KEY
[INFO] [stdout]    |              ^^^ not found in `app`
[INFO] [stdout] 
[INFO] [stdout] 
[INFO] [stdout] error[E0425]: cannot find value `KEY` in module `app`
[INFO] [stdout]   --> src/api.rs:50:26
[INFO] [stdout]    |
[INFO] [stdout] 50 |         .basic_auth(app::KEY, Some(app::SECRET))
[INFO] [stdout]    |                          ^^^ not found in `app`
[INFO] [stdout] 
[INFO] [stdout] 
[INFO] [stdout] error[E0425]: cannot find value `SECRET` in module `app`
[INFO] [stdout]   --> src/api.rs:50:41
[INFO] [stdout]    |
[INFO] [stdout] 50 |         .basic_auth(app::KEY, Some(app::SECRET))
[INFO] [stdout]    |                                         ^^^^^^ not found in `app`
[INFO] [stdout] 
[INFO] [stdout] 
[INFO] [stdout] error[E0425]: cannot find value `NONCE` in module `crate::app`
[INFO] [stdout]   --> src/config.rs:65:33
[INFO] [stdout]    |
[INFO] [stdout] 65 |                     crate::app::NONCE.to_owned().to_vec(),
[INFO] [stdout]    |                                 ^^^^^ not found in `crate::app`
[INFO] [stdout] 
[INFO] [stdout] 
[INFO] [stdout] error: aborting due to 5 previous errors
[INFO] [stdout] 
[INFO] [stdout] 
[INFO] [stdout] Some errors have detailed explanations: E0425, E0583.
[INFO] [stdout] 
[INFO] [stdout] For more information about an error, try `rustc --explain E0425`.
[INFO] [stdout] 
[INFO] [stderr] error: could not compile `ptfs`.
[INFO] [stderr] 
[INFO] [stderr] To learn more, run the command again with --verbose.
[INFO] [stderr] warning: build failed, waiting for other jobs to finish...
[INFO] [stdout] error: aborting due to 5 previous errors
[INFO] [stdout] 
[INFO] [stdout] 
[INFO] [stdout] Some errors have detailed explanations: E0425, E0583.
[INFO] [stdout] 
[INFO] [stdout] For more information about an error, try `rustc --explain E0425`.
[INFO] [stdout] 
[INFO] [stderr] error: build failed
[INFO] running `Command { std: "docker" "inspect" "69952add73684fe90a8946150adb5ff3d914aeb16b3816a94c242391adec1f4a", kill_on_drop: false }`
[INFO] running `Command { std: "docker" "rm" "-f" "69952add73684fe90a8946150adb5ff3d914aeb16b3816a94c242391adec1f4a", kill_on_drop: false }`
[INFO] [stdout] 69952add73684fe90a8946150adb5ff3d914aeb16b3816a94c242391adec1f4a
